{"version":"1.0","provider_name":"Mit n\u00e9zz\u00fcnk ma a t\u00e9v\u00e9ben?","provider_url":"https:\/\/asanisimasa.cafeblog.hu","author_name":"efes","author_url":"https:\/\/asanisimasa.cafeblog.hu\/author\/efes\/","title":"Vas\u00e1rnap, j\u00fanius 23.","html":"<strong>B\u00f3dy G\u00e1bor <a href=\"http:\/\/port.hu\/psyche_es_narcisz\/pls\/fi\/films.film_page?i_perf_id=21605012&amp;i_topic_id=1\">Psych\u00e9<\/a><\/strong>je (<em>Duna, 22.00<\/em>) csak elv\u00e9tve, nagy ritk\u00e1n ker\u00fcl levet\u00edt\u00e9sre, holott a magyar filmm\u0171v\u00e9szet egyik leg\u00e9rdekesebb, legkreat\u00edvabb produktuma. Ennek oka r\u00e9szben a m\u0171 hossza (210 perc), r\u00e9szben pedig az a saj\u00e1tos, innovat\u00edv, semmivel \u00e9s senkivel \u00f6ssze nem t\u00e9veszthet\u0151 narrat\u00edva, <a href=\"https:\/\/asanisimasa.cafeblog.hu\/files\/2013\/06\/Udo-Kier-a-N\u00e1rcisz-\u00e9s-Psych\u00e9-c\u00edm\u0171-filmben.jpg\"><img class=\"alignleft size-full wp-image-976\" alt=\"Udo Kier a N\u00e1rcisz \u00e9s Psych\u00e9 c\u00edm\u0171 filmben\" src=\"https:\/\/asanisimasa.cafeblog.hu\/files\/2013\/06\/Udo-Kier-a-N\u00e1rcisz-\u00e9s-Psych\u00e9-c\u00edm\u0171-filmben.jpg\" width=\"330\" height=\"400\" \/><\/a>valamint filmnyelv(i k\u00eds\u00e9rletek sorozata), melyet B\u00f3dy\u00a0 <strong>We\u00f6res S\u00e1ndor<\/strong> er\u0151sen archaiz\u00e1l\u00f3, fajs\u00falyos, neh\u00e9z nyelvezet\u00e9hez alkotott meg (az operat\u0151r <strong>Hildebrand Istv\u00e1n<\/strong> \u00e9s a zeneszerz\u0151<strong> Vidovszky L\u00e1szl\u00f3 <\/strong>k\u00f6zrem\u0171k\u00f6d\u00e9s\u00e9vel). Sokan m\u00e1r azon visszah\u0151k\u00f6lnek, amikor meghallj\u00e1k, megl\u00e1tj\u00e1k, hogy a filmben <strong>Udo Kier<\/strong>t (a k\u00e9pen) <strong>Cserhalmi Gy\u00f6rgy<\/strong> szinkroniz\u00e1lja, aki viszont a m\u00e1sik f\u0151szerepben <strong>Garas Dezs\u0151<\/strong> hangj\u00e1n sz\u00f3lal meg, holott, ha jobban belegondolunk, akkor k\u00e9zenfekv\u0151 volt a k\u00e9t riv\u00e1lis szerelmes ilyen furcsa m\u00f3don val\u00f3 megjelen\u00edt\u00e9se. Vet\u00e9lked\u00e9s\u00fck mi\u00e9rtje Psych\u00e9 (<strong>Patricia Adriani<\/strong>). Az \u00e9n viszonyom igen szem\u00e9lyes ezzel a filmmel, ugyanis gyerekfejjel jelen lehetettem (b\u00e1m\u00e9szkod\u00f3k\u00e9nt) n\u00e9h\u00e1ny jelenet\u00e9nek forgat\u00e1s\u00e1n, s az, hogy komoly kattan\u00e1som van a filmek ir\u00e1ny\u00e1ban, az nagyr\u00e9szt ennek a filmnek is k\u00f6sz\u00f6nhet\u0151. Aj\u00e1nl\u00e1som teh\u00e1t: KIHAGYHATATLAN film (b\u00e1r ne v\u00e1rjon senki k\u00f6nnyed tinglitanglit).\r\n\r\nMa este ker\u00fcl ad\u00e1sba a <a href=\"http:\/\/www.port.hu\/a_keresztapa_3_the_godfather:_part_iii\/pls\/w\/films.film_page?i_film_id=6082\"><strong>Keresztapa 3<\/strong><\/a>.-ik r\u00e9sze is (<em>Pro4, 21.00<\/em>).\r\n\r\nR\u00e9gen l\u00e1thattuk a <a href=\"http:\/\/port.hu\/vanilia_egbolt_vanilla_sky\/pls\/fi\/films.film_page?i_perf_id=21607531&amp;i_topic_id=1\"><strong>Van\u00edlia \u00e9gbolt<\/strong><\/a>ot (<em>FEM3, 21.00<\/em>) is, mely <strong>Alejandro Amen\u00e1bar<\/strong> <a href=\"http:\/\/port.hu\/nyisd_ki_a_szemed_abre_los_ojos\/pls\/fi\/films.film_page?i_film_id=3236&amp;i_city_id=3372&amp;i_county_id=-1&amp;i_topic_id=1\"><em>Nyisd ki a szemed<\/em><\/a> c\u00edm\u0171 filmj\u00e9nek hollywoodi remake-je, ami v\u00e9letlen\u00fcl eg\u00e9szen j\u00f3l siker\u00fclt. K\u00f6sz\u00f6nhet\u0151 ez persze, a feldolgoz\u00f3 <strong>Cameron Crowe<\/strong> nyilv\u00e1nval\u00f3 tehets\u00e9g\u00e9nek is, Amen\u00e1bar akt\u00edv k\u00f6zrem\u0171k\u00f6d\u00e9s\u00e9nek is, valamint a r\u00e9szben azonos, szemreval\u00f3 \u00e9s tehets\u00e9ges szerepl\u0151g\u00e1rd\u00e1nak is: <strong>P\u00e9nelope Cruz<\/strong> mindk\u00e9t film egyik n\u0151i f\u0151szerepl\u0151je, mellette ez alkalommal <strong>Cameron Diaz<\/strong> dombor\u00edt, <strong>Tom Cruise<\/strong> \u0151szinte csod\u00e1lat\u00e1ra. (<a href=\"http:\/\/efesasanisimasa.wordpress.com\/2010\/05\/16\/cameron_crowe_vanilia_egbolt\/\">B\u0151vebben<\/a>)\r\n\r\nMinden bugyuta fordulata, hiteltelen, s\u0151t, m\u00e1r-m\u00e1r ciki karaktere (<strong>Bruce Willis<\/strong> egyenesen Arany M\u00e1ln\u00e1t \u00e9rdemelt, de <strong>Annette Bening<\/strong> is legfeljebb Sharon Stone-k\u00e9nt pisl\u00e1kolt csak\u2026) ellen\u00e9re (<strong>Denzel Washington<\/strong> OK) m\u00e9gis kifejezetten \u00e9rdekes film a <a href=\"http:\/\/port.hu\/szuksegallapot_the_siege\/pls\/fi\/films.film_page?i_perf_id=21611968&amp;i_topic_id=1\"><strong>Sz\u00fcks\u00e9g\u00e1llapot<\/strong><\/a> (<em>RTL Klub, 21.40<\/em>), f\u0151leg \u00edgy sok \u00e9vvel 9\/11 ut\u00e1n. Arab terrorist\u00e1k t\u00e1madj\u00e1k meg New Yorkot\u2026 Lid\u00e9rces, szinte v\u00e1teszi l\u00e1tom\u00e1sok 1998-b\u00f3l (!), a k\u00e9s\u0151bbi, val\u00f3s\u00e1gos j\u00f6v\u0151 borzalmair\u00f3l\u2026\r\n\r\nB\u00f3nuszk\u00e9nt egy \u00fajabb remek film: a <a href=\"http:\/\/port.hu\/frida\/pls\/fi\/films.film_page?i_perf_id=21659660&amp;i_topic_id=1\"><strong>Frida<\/strong><\/a> (<em>Digi Film, 20.00<\/em>) a h\u00edres, szabados \u00e9let\u0171, mexik\u00f3i fest\u0151m\u0171v\u00e9szn\u0151, <a href=\"http:\/\/hu.wikipedia.org\/wiki\/Frida_Kahlo\">Frida Kahlo<\/a> \u00e9let\u00e9r\u0151l sz\u00f3l. A film Kahlo k\u00e9pei ihlette vizualit\u00e1sa, <strong>Salma Hayek<\/strong> elk\u00e9peszt\u0151 c\u00edmszerepl\u00e9se, valamint <strong>Elliot Goldenthal<\/strong> zseni\u00e1lis filmzen\u00e9je \u00e9s <strong>Julie Taymor<\/strong> rendez\u00e9se egyar\u00e1nt k\u00f6telez\u0151v\u00e9 tenn\u00e9k megtekint\u00e9s\u00e9t, ha nem ezen a kevesek \u00e1ltal n\u00e9zett filmcsatorn\u00e1n ker\u00fclne ad\u00e1sba \u00e9s nem lenne ma este ilyen k\u0151kem\u00e9ny konkurencia. Taymorr\u00f3l, filmjeir\u0151l <a href=\"http:\/\/efesasanisimasa.wordpress.com\/2008\/12\/23\/julie_taymour_across_the_universe\/\">b\u0151vebben itt<\/a>.","type":"rich"}

Mit nézzünk ma a tévében?

Vasárnap, június 23.

<strong>Bódy Gábor <a href="http://port.hu/psyche_es_narcisz/pls/fi/films.film_page?i_perf_id=21605012&amp;i_topic_id=1">Psyché</a></strong>je (<em>Duna, 22.00</em>) csak elvétve, nagy ritkán kerül levetítésre, holott a magyar filmművészet egyik legérdekesebb, legkreatívabb produktuma. Ennek oka részben a mű hossza (210 perc), részben pedig az a sajátos, innovatív, semmivel és senkivel össze nem téveszthető narratíva, <a href="https://asanisimasa.cafeblog.hu/files/2013/06/Udo-Kier-a-Nárcisz-és-Psyché-című-filmben.jpg"><img class="alignleft size-full wp-image-976" alt="Udo Kier a Nárcisz és Psyché című filmben" src="https://asanisimasa.cafeblog.hu/files/2013/06/Udo-Kier-a-Nárcisz-és-Psyché-című-filmben.jpg" width="330" height="400" /></a>valamint filmnyelv(i kísérletek sorozata), melyet Bódy  <strong>Weöres Sándor</strong> erősen archaizáló, fajsúlyos, nehéz nyelvezetéhez alkotott meg (az operatőr <strong>Hildebrand István</strong> és a zeneszerző<strong> Vidovszky László </strong>közreműködésével). Sokan már azon visszahőkölnek, amikor meghallják, meglátják, hogy a filmben <strong>Udo Kier</strong>t (a képen) <strong>Cserhalmi György</strong> szinkronizálja, aki viszont a másik főszerepben <strong>Garas Dezső</strong> hangján szólal meg, holott, ha jobban belegondolunk, akkor kézenfekvő volt a két rivális szerelmes ilyen furcsa módon való megjelenítése. Vetélkedésük miértje Psyché (<strong>Patricia Adriani</strong>). Az én viszonyom igen személyes ezzel a filmmel, ugyanis gyerekfejjel jelen lehetettem (bámészkodóként) néhány jelenetének forgatásán, s az, hogy komoly kattanásom van a filmek irányában, az nagyrészt ennek a filmnek is köszönhető. Ajánlásom tehát: KIHAGYHATATLAN film (bár ne várjon senki könnyed tinglitanglit).

Ma este kerül adásba a <a href="http://www.port.hu/a_keresztapa_3_the_godfather:_part_iii/pls/w/films.film_page?i_film_id=6082"><strong>Keresztapa 3</strong></a>.-ik része is (<em>Pro4, 21.00</em>).

Régen láthattuk a <a href="http://port.hu/vanilia_egbolt_vanilla_sky/pls/fi/films.film_page?i_perf_id=21607531&amp;i_topic_id=1"><strong>Vanília égbolt</strong></a>ot (<em>FEM3, 21.00</em>) is, mely <strong>Alejandro Amenábar</strong> <a href="http://port.hu/nyisd_ki_a_szemed_abre_los_ojos/pls/fi/films.film_page?i_film_id=3236&amp;i_city_id=3372&amp;i_county_id=-1&amp;i_topic_id=1"><em>Nyisd ki a szemed</em></a> című filmjének hollywoodi remake-je, ami véletlenül egészen jól sikerült. Köszönhető ez persze, a feldolgozó <strong>Cameron Crowe</strong> nyilvánvaló tehetségének is, Amenábar aktív közreműködésének is, valamint a részben azonos, szemrevaló és tehetséges szereplőgárdának is: <strong>Pénelope Cruz</strong> mindkét film egyik női főszereplője, mellette ez alkalommal <strong>Cameron Diaz</strong> domborít, <strong>Tom Cruise</strong> őszinte csodálatára. (<a href="http://efesasanisimasa.wordpress.com/2010/05/16/cameron_crowe_vanilia_egbolt/">Bővebben</a>)

Minden bugyuta fordulata, hiteltelen, sőt, már-már ciki karaktere (<strong>Bruce Willis</strong> egyenesen Arany Málnát érdemelt, de <strong>Annette Bening</strong> is legfeljebb Sharon Stone-ként pislákolt csak…) ellenére (<strong>Denzel Washington</strong> OK) mégis kifejezetten érdekes film a <a href="http://port.hu/szuksegallapot_the_siege/pls/fi/films.film_page?i_perf_id=21611968&amp;i_topic_id=1"><strong>Szükségállapot</strong></a> (<em>RTL Klub, 21.40</em>), főleg így sok évvel 9/11 után. Arab terroristák támadják meg New Yorkot… Lidérces, szinte váteszi látomások 1998-ból (!), a későbbi, valóságos jövő borzalmairól…

Bónuszként egy újabb remek film: a <a href="http://port.hu/frida/pls/fi/films.film_page?i_perf_id=21659660&amp;i_topic_id=1"><strong>Frida</strong></a> (<em>Digi Film, 20.00</em>) a híres, szabados életű, mexikói festőművésznő, <a href="http://hu.wikipedia.org/wiki/Frida_Kahlo">Frida Kahlo</a> életéről szól. A film Kahlo képei ihlette vizualitása, <strong>Salma Hayek</strong> elképesztő címszereplése, valamint <strong>Elliot Goldenthal</strong> zseniális filmzenéje és <strong>Julie Taymor</strong> rendezése egyaránt kötelezővé tennék megtekintését, ha nem ezen a kevesek által nézett filmcsatornán kerülne adásba és nem lenne ma este ilyen kőkemény konkurencia. Taymorról, filmjeiről <a href="http://efesasanisimasa.wordpress.com/2008/12/23/julie_taymour_across_the_universe/">bővebben itt</a>.
