{"version":"1.0","provider_name":"Mit n\u00e9zz\u00fcnk ma a t\u00e9v\u00e9ben?","provider_url":"https:\/\/asanisimasa.cafeblog.hu","author_name":"efes","author_url":"https:\/\/asanisimasa.cafeblog.hu\/author\/efes\/","title":"Cs\u00fct\u00f6rt\u00f6k, m\u00e1rcius 27.","html":"Furcsa filmeket n\u00e9zhet\u00fcnk ma a t\u00e9v\u00e9ben. A <a href=\"http:\/\/port.hu\/dobjuk_ki_anyut_a_vonatbol%21_throw_momma_from_the_train\/pls\/fi\/films.film_page?i_perf_id=41122691&amp;i_topic_id=1\"><strong>Dobjuk ki anyut a vonatb\u00f3l!<\/strong><\/a> (<em>Story4, 21.35<\/em>) p\u00e9ld\u00e1ul Alfred Hitchcock klasszikus krimij\u00e9nek, az <a href=\"http:\/\/geekz.blog.hu\/2010\/12\/21\/idegenek_a_vonaton_1\">Idegenek a vonaton<\/a>-nak egyfajta m\u0171faji parafr\u00e1zisa, <a href=\"https:\/\/asanisimasa.cafeblog.hu\/files\/2014\/03\/Dobjuk-ki-anyut-a-vonatb\u00f3l-Billy-Crystal-\u00e9s-Danny-DeVito.jpg\"><img class=\"alignleft size-full wp-image-1846\" alt=\"Dobjuk ki anyut a vonatb\u00f3l! - Billy Crystal \u00e9s Danny DeVito\" src=\"https:\/\/asanisimasa.cafeblog.hu\/files\/2014\/03\/Dobjuk-ki-anyut-a-vonatb\u00f3l-Billy-Crystal-\u00e9s-Danny-DeVito.jpg\" width=\"400\" height=\"277\" \/><\/a>azonban a <strong>Billy Crystall<\/strong>al s\u00falyosb\u00edtott <strong>Danny deVito<\/strong>-filmt\u0151l nem szabad semmi komolys\u00e1got v\u00e1rni\u2026 Nem is ez a c\u00e9lja. (A k\u00e9pen Crystal \u00e9s deVito)\r\n\r\nFelfogni nem tudom, mi\u00e9rt gondolja b\u00e1rki is, hogy a <a href=\"http:\/\/port.hu\/drive_-_gazt%21_drive\/pls\/fi\/films.film_page?i_perf_id=41244491&amp;i_topic_id=1\"><strong>Drive \u2013 G\u00e1zt!<\/strong> <\/a>(<em>Digi Film, 21.40<\/em>) c\u00edm\u0171 film akci\u00f3film lenne, szerintem ink\u00e1bb csak \u201cg\u00e1z\u201d, mint akci\u00f3 \u2013 azonban a k\u00f6t\u00f6tt sapk\u00e1s\/k\u00f6t\u00f6tt sapka n\u00e9lk\u00fcli, vastag szem\u00fcveges hipszterek moziba j\u00e1r\u00f3 szub-szubkult\u00far\u00e1ja a h\u00e1t\u00e1n fekve szaladg\u00e1lt ett\u0151l a filmt\u0151l. (<a href=\"http:\/\/efesasanisimasa.wordpress.com\/2011\/10\/10\/drive-gazt-drive-2011\/\">B\u0151vebben<\/a>)\r\n\r\nElk\u00e9peszt\u0151, mik bukkannak itt el\u0151 a bugyorb\u00f3l\u2026 Eml\u00e9kszik b\u00e1rki is <strong>Dobray Gy\u00f6rgy<\/strong> 1980-as <a href=\"http:\/\/port.hu\/az_aldozat\/pls\/fi\/films.film_page?i_perf_id=41091477&amp;i_topic_id=1\"><strong>Az \u00e1ldozat<\/strong><\/a> (<em>Duna, 21.50<\/em>) c\u00edm\u0171 krimij\u00e9re? Mert \u00e9n most hallok r\u00f3la el\u0151sz\u00f6r. Mindenesetre, annyi bizonyosnak l\u00e1tszik, hogy egy sorozatgyilkos (!!! A K\u00e1d\u00e1r-rendszerben? Nah\u00e1t.) ut\u00e1n nyomoz a rend\u0151rs\u00e9g fiatal nyomoz\u00f3ja (<strong>Reviczky G\u00e1bor<\/strong>). <strong>S\u00e1f\u00e1r Anik\u00f3<\/strong> is j\u00e1tszik a filmben, \u00fagyhogy lesz meztelen jelenet is\u2026\r\n\r\nA <a href=\"http:\/\/port.hu\/fektelen_harag_drive_angry_3d\/pls\/fi\/films.film_page?i_perf_id=41122177&amp;i_topic_id=1\"><strong>F\u00e9ktelen harag<\/strong><\/a>b\u00f3l (<em>RTL Klub, 22.00<\/em>) l\u00e1ttam r\u00e9szleteket, szint\u00e9n vicces lesz. <strong>Nicolas Cage<\/strong>-nek ism\u00e9t elk\u00e9peszt\u0151 frizur\u00e1t csin\u00e1ltak, s a film n\u00edv\u00f3j\u00e1t ilyen p\u00e1rbesz\u00e9dek fogj\u00e1k jellemezni: \u2013 <em>Menj a pokolba!<\/em> \u2013 <em>A pokolba? Onnan j\u00f6ttem<\/em>. (\u00c9s sz\u00e9tl\u00f6vi a fej\u00e9t az el\u0151bbinek.)\r\n\r\nMuhahaha.","type":"rich"}

Mit nézzünk ma a tévében?

Csütörtök, március 27.

Furcsa filmeket nézhetünk ma a tévében. A <a href="http://port.hu/dobjuk_ki_anyut_a_vonatbol%21_throw_momma_from_the_train/pls/fi/films.film_page?i_perf_id=41122691&amp;i_topic_id=1"><strong>Dobjuk ki anyut a vonatból!</strong></a> (<em>Story4, 21.35</em>) például Alfred Hitchcock klasszikus krimijének, az <a href="http://geekz.blog.hu/2010/12/21/idegenek_a_vonaton_1">Idegenek a vonaton</a>-nak egyfajta műfaji parafrázisa, <a href="https://asanisimasa.cafeblog.hu/files/2014/03/Dobjuk-ki-anyut-a-vonatból-Billy-Crystal-és-Danny-DeVito.jpg"><img class="alignleft size-full wp-image-1846" alt="Dobjuk ki anyut a vonatból! - Billy Crystal és Danny DeVito" src="https://asanisimasa.cafeblog.hu/files/2014/03/Dobjuk-ki-anyut-a-vonatból-Billy-Crystal-és-Danny-DeVito.jpg" width="400" height="277" /></a>azonban a <strong>Billy Crystall</strong>al súlyosbított <strong>Danny deVito</strong>-filmtől nem szabad semmi komolyságot várni… Nem is ez a célja. (A képen Crystal és deVito)

Felfogni nem tudom, miért gondolja bárki is, hogy a <a href="http://port.hu/drive_-_gazt%21_drive/pls/fi/films.film_page?i_perf_id=41244491&amp;i_topic_id=1"><strong>Drive – Gázt!</strong> </a>(<em>Digi Film, 21.40</em>) című film akciófilm lenne, szerintem inkább csak “gáz”, mint akció – azonban a kötött sapkás/kötött sapka nélküli, vastag szemüveges hipszterek moziba járó szub-szubkultúrája a hátán fekve szaladgált ettől a filmtől. (<a href="http://efesasanisimasa.wordpress.com/2011/10/10/drive-gazt-drive-2011/">Bővebben</a>)

Elképesztő, mik bukkannak itt elő a bugyorból… Emlékszik bárki is <strong>Dobray György</strong> 1980-as <a href="http://port.hu/az_aldozat/pls/fi/films.film_page?i_perf_id=41091477&amp;i_topic_id=1"><strong>Az áldozat</strong></a> (<em>Duna, 21.50</em>) című krimijére? Mert én most hallok róla először. Mindenesetre, annyi bizonyosnak látszik, hogy egy sorozatgyilkos (!!! A Kádár-rendszerben? Nahát.) után nyomoz a rendőrség fiatal nyomozója (<strong>Reviczky Gábor</strong>). <strong>Sáfár Anikó</strong> is játszik a filmben, úgyhogy lesz meztelen jelenet is…

A <a href="http://port.hu/fektelen_harag_drive_angry_3d/pls/fi/films.film_page?i_perf_id=41122177&amp;i_topic_id=1"><strong>Féktelen harag</strong></a>ból (<em>RTL Klub, 22.00</em>) láttam részleteket, szintén vicces lesz. <strong>Nicolas Cage</strong>-nek ismét elképesztő frizurát csináltak, s a film nívóját ilyen párbeszédek fogják jellemezni: – <em>Menj a pokolba!</em> – <em>A pokolba? Onnan jöttem</em>. (És szétlövi a fejét az előbbinek.)

Muhahaha.
