{"version":"1.0","provider_name":"Mit n\u00e9zz\u00fcnk ma a t\u00e9v\u00e9ben?","provider_url":"https:\/\/asanisimasa.cafeblog.hu","author_name":"efes","author_url":"https:\/\/asanisimasa.cafeblog.hu\/author\/efes\/","title":"Szerda, j\u00fanius 4.","html":"<div class=\"entry-content\">\r\n\r\nAki magyar, az ki nem hagyhatja a ma esti, par\u00e1d\u00e9snak \u00edg\u00e9rkez\u0151 <strong>Magyarorsz\u00e1g \u2013 Alb\u00e1nia<\/strong> bar\u00e1ts\u00e1gos labdar\u00fag\u00f3-m\u00e9rk\u0151z\u00e9snek megtekint\u00e9s\u00e9t (<em>Duna, 20.30<\/em>), hiszen ez\u00fattal komoly es\u00e9ly van arra, hogy t\u00e1n most v\u00e9gre j\u00f3 lesz magyarnak lenni \u00e9s ak\u00e1r egy szoros gy\u0151zelemmel is t\u00f6rleszthet\u00fcnk \u2013 mi\u00e9rt is? Azt\u00e1n persze, az is benne van a pakliban, hogy <a href=\"https:\/\/asanisimasa.cafeblog.hu\/files\/2014\/06\/Vonz\u00e1sok-\u00e9s-\u00e1llats\u00e1gok-Ben-Chaplin-Uma-Thurman-\u00e9s-Janeane-Garofalo.jpg\"><img class=\"alignleft size-full wp-image-2046\" src=\"https:\/\/asanisimasa.cafeblog.hu\/files\/2014\/06\/Vonz\u00e1sok-\u00e9s-\u00e1llats\u00e1gok-Ben-Chaplin-Uma-Thurman-\u00e9s-Janeane-Garofalo.jpg\" alt=\"Vonz\u00e1sok \u00e9s \u00e1llats\u00e1gok - Ben Chaplin, Uma Thurman \u00e9s Janeane Garofalo\" width=\"400\" height=\"267\" \/><\/a>h\u0151s szkipet\u00e1r harcosok labdakerget\u0151 lesz\u00e1rmazottai m\u00e1sk\u00e9pp bar\u00e1tkoznak, minthogy \u0151rizetlen\u00fcl hagyva kapujukat, megad\u00f3an az \u00e9g fel\u00e9 pucs\u00edtva v\u00e1rj\u00e1k a lassan k\u00f6zeled\u0151 magyar \u00e1ld\u00e1st \u00e9s mintegy virtusb\u00f3l, pont \u0151k t\u00f6mnek ki majd minket, nem kicsit. Allah nagy.\r\n\r\nNagyj\u00e1b\u00f3l f\u00e9lid\u0151ben, persze \u00e1tkapcsolhatunk a <a href=\"http:\/\/port.hu\/vonzasok_es_allatsagok_the_truth_about_cats_&amp;_dog\/pls\/fi\/films.film_page?i_perf_id=42048562&amp;i_topic_id=1\"><strong>Vonz\u00e1sok \u00e9s \u00e1llats\u00e1gok<\/strong><\/a> (<em>FOX, 21.50<\/em>) c\u00edm\u0171 igen cuki romantikus kom\u00e9di\u00e1ra, mely nagyj\u00e1b\u00f3l arr\u00f3l sz\u00f3l, hogy mennyire nincs \u00f6sszhangban a szem\u00fcnk \u00e9s a f\u00fcl\u00fcnk \u00e1ltal tapasztalt \u00e9lm\u00e9nyanyag, ha azt egy olyan (f\u00e9rfi)agy koordin\u00e1lja, melyb\u0151l a v\u00e9r lesz\u00e1llt\u2026 oda le. A <strong>Ben Chaplin<\/strong> alak\u00edtotta romantikus lelk\u00fclet\u0171 fiatalember szerelmes lesz kedvenc r\u00e1di\u00f3m\u0171sor\u00e1t vezet\u0151 szellemes, okos pszichol\u00f3gusn\u0151be (<strong>Janeanne Garofalo<\/strong>), azonban a hangja alapj\u00e1n egy magas, dekorat\u00edv, sz\u0151ke n\u0151t k\u00e9pzel el. Term\u00e9szetes, hogy els\u0151 szem\u00e9lyes tal\u00e1lkoz\u00e1suk alkalm\u00e1val \u00e9ppen egy ilyen n\u0151t (<strong>Uma Thurman<\/strong>) l\u00e1t meg el\u0151sz\u00f6r\u2026 Sz\u00f3rakoztat\u00f3 Cyrano-parafr\u00e1zis a film (<em>a k\u00e9pen Chaplin, Thurman \u00e9s Garofalo<\/em>).\r\n\r\nAzt ugyan nem tudom, hogyan cs\u00faszhatott \u00e1t Ker\u00e9nyi elvt\u00e1rs \u00e9s a t\u00f6bbi \u00fcbermacs\u00f3 erk\u00f6lcscs\u0151sz v\u00e9delmi h\u00e1l\u00f3j\u00e1n <a href=\"http:\/\/port.hu\/a_gyerekek_jol_vannak_the_kids_are_all_right\/pls\/fi\/films.film_page?i_perf_id=42024294&amp;i_topic_id=1\"><strong>A gyerekek j\u00f3l vannak<\/strong><\/a> (<em>m2, 22.00<\/em>) c\u00edm\u0171 film, de az mindenesetre t\u00e9ny, hogy b\u00e1r a filmbeli gyerekeket egy leszbikus p\u00e1r neveli, azok t\u00e9nyleg j\u00f3l vannak. Nincsen semmi gond. Illetve van, de nem az, amit nyilv\u00e1n a melegh\u00e1zass\u00e1got ellenz\u0151 vaskalapos idi\u00f3t\u00e1k elk\u00e9pzelnek. K\u00f6nnyed, sz\u00f3rakoztat\u00f3 \u00e9s ennek ellen\u00e9re, fontos film ez. (<a href=\"http:\/\/efesasanisimasa.wordpress.com\/2011\/12\/27\/a-gyerekek-jol-vannak-the-kids-are-all-right-2010\/\"><em>B\u0151vebben<\/em><\/a>)\r\n\r\nNem hagyhat\u00f3 ki az aj\u00e1nl\u00f3b\u00f3l <strong>Guy Ritchie<\/strong> <a href=\"http:\/\/port.hu\/bloff_snatch\/pls\/fi\/films.film_page?i_perf_id=42037349&amp;i_topic_id=1\"><strong>Bl\u00f6ff<\/strong><\/a>je (<em>SuperTV2, 22.25<\/em>) sem, a 2000-es \u00e9vek elej\u00e9nek hangulat\u00e1t komolyan meghat\u00e1roz\u00f3 komolytalan m\u0171fajnak egyik c\u00e9g\u00e9res darabja. Szerintem sokszor n\u00e9zve is sz\u00f3rakoztat\u00f3 film, \u00e9s nemcsak a m\u00f3k\u00e1san hadar\u00f3 cig\u00e1nycs\u00e1v\u00f3t j\u00e1tsz\u00f3 <strong>Brad Pitt<\/strong> miatt. A filmben \u201c\u00e9rdek \u00fctk\u00f6zik \u00e9rdekkel, \u00f6k\u00f6l arccal, pisztolygoly\u00f3 fejjel, joghurt sz\u00e9lv\u00e9d\u0151vel, aut\u00f3 emberrel\u2026\u201d Nagy beny\u00f6g\u00e9sek, elrajzolt fazonok, stb.\r\n\r\nHa t\u00fal\u00e9lt\u00fck a meccset, akkor vigasztal\u00f3dhatunk Erd\u00e9ly csod\u00e1s mered\u00e9lyeivel, \u00e9gbesz\u00f6k\u0151, vad hegyeivel \u00e9s s\u0171r\u0171, s\u00f6t\u00e9t erdeivel. Az <a href=\"http:\/\/port.hu\/abel_a_rengetegben\/pls\/fi\/films.film_page?i_perf_id=41995151&amp;i_topic_id=1\"><strong>\u00c1bel a rengetegben<\/strong><\/a> (<em>Duna, 22.45<\/em>) <strong>Tam\u00e1si \u00c1ron<\/strong> sz\u00e9p t\u00f6rt\u00e9nete, <strong>Mih\u00e1lyfy S\u00e1ndor<\/strong> \u201994-es filmj\u00e9ben.\r\n\r\n<\/div>","type":"rich"}

Mit nézzünk ma a tévében?

Szerda, június 4.

<div class="entry-content">

Aki magyar, az ki nem hagyhatja a ma esti, parádésnak ígérkező <strong>Magyarország – Albánia</strong> barátságos labdarúgó-mérkőzésnek megtekintését (<em>Duna, 20.30</em>), hiszen ezúttal komoly esély van arra, hogy tán most végre jó lesz magyarnak lenni és akár egy szoros győzelemmel is törleszthetünk – miért is? Aztán persze, az is benne van a pakliban, hogy <a href="https://asanisimasa.cafeblog.hu/files/2014/06/Vonzások-és-állatságok-Ben-Chaplin-Uma-Thurman-és-Janeane-Garofalo.jpg"><img class="alignleft size-full wp-image-2046" src="https://asanisimasa.cafeblog.hu/files/2014/06/Vonzások-és-állatságok-Ben-Chaplin-Uma-Thurman-és-Janeane-Garofalo.jpg" alt="Vonzások és állatságok - Ben Chaplin, Uma Thurman és Janeane Garofalo" width="400" height="267" /></a>hős szkipetár harcosok labdakergető leszármazottai másképp barátkoznak, minthogy őrizetlenül hagyva kapujukat, megadóan az ég felé pucsítva várják a lassan közeledő magyar áldást és mintegy virtusból, pont ők tömnek ki majd minket, nem kicsit. Allah nagy.

Nagyjából félidőben, persze átkapcsolhatunk a <a href="http://port.hu/vonzasok_es_allatsagok_the_truth_about_cats_&amp;_dog/pls/fi/films.film_page?i_perf_id=42048562&amp;i_topic_id=1"><strong>Vonzások és állatságok</strong></a> (<em>FOX, 21.50</em>) című igen cuki romantikus komédiára, mely nagyjából arról szól, hogy mennyire nincs összhangban a szemünk és a fülünk által tapasztalt élményanyag, ha azt egy olyan (férfi)agy koordinálja, melyből a vér leszállt… oda le. A <strong>Ben Chaplin</strong> alakította romantikus lelkületű fiatalember szerelmes lesz kedvenc rádióműsorát vezető szellemes, okos pszichológusnőbe (<strong>Janeanne Garofalo</strong>), azonban a hangja alapján egy magas, dekoratív, szőke nőt képzel el. Természetes, hogy első személyes találkozásuk alkalmával éppen egy ilyen nőt (<strong>Uma Thurman</strong>) lát meg először… Szórakoztató Cyrano-parafrázis a film (<em>a képen Chaplin, Thurman és Garofalo</em>).

Azt ugyan nem tudom, hogyan csúszhatott át Kerényi elvtárs és a többi übermacsó erkölcscsősz védelmi hálóján <a href="http://port.hu/a_gyerekek_jol_vannak_the_kids_are_all_right/pls/fi/films.film_page?i_perf_id=42024294&amp;i_topic_id=1"><strong>A gyerekek jól vannak</strong></a> (<em>m2, 22.00</em>) című film, de az mindenesetre tény, hogy bár a filmbeli gyerekeket egy leszbikus pár neveli, azok tényleg jól vannak. Nincsen semmi gond. Illetve van, de nem az, amit nyilván a melegházasságot ellenző vaskalapos idióták elképzelnek. Könnyed, szórakoztató és ennek ellenére, fontos film ez. (<a href="http://efesasanisimasa.wordpress.com/2011/12/27/a-gyerekek-jol-vannak-the-kids-are-all-right-2010/"><em>Bővebben</em></a>)

Nem hagyható ki az ajánlóból <strong>Guy Ritchie</strong> <a href="http://port.hu/bloff_snatch/pls/fi/films.film_page?i_perf_id=42037349&amp;i_topic_id=1"><strong>Blöff</strong></a>je (<em>SuperTV2, 22.25</em>) sem, a 2000-es évek elejének hangulatát komolyan meghatározó komolytalan műfajnak egyik cégéres darabja. Szerintem sokszor nézve is szórakoztató film, és nemcsak a mókásan hadaró cigánycsávót játszó <strong>Brad Pitt</strong> miatt. A filmben “érdek ütközik érdekkel, ököl arccal, pisztolygolyó fejjel, joghurt szélvédővel, autó emberrel…” Nagy benyögések, elrajzolt fazonok, stb.

Ha túléltük a meccset, akkor vigasztalódhatunk Erdély csodás meredélyeivel, égbeszökő, vad hegyeivel és sűrű, sötét erdeivel. Az <a href="http://port.hu/abel_a_rengetegben/pls/fi/films.film_page?i_perf_id=41995151&amp;i_topic_id=1"><strong>Ábel a rengetegben</strong></a> (<em>Duna, 22.45</em>) <strong>Tamási Áron</strong> szép története, <strong>Mihályfy Sándor</strong> ’94-es filmjében.

</div>
