{"version":"1.0","provider_name":"Mit n\u00e9zz\u00fcnk ma a t\u00e9v\u00e9ben?","provider_url":"https:\/\/asanisimasa.cafeblog.hu","author_name":"efes","author_url":"https:\/\/asanisimasa.cafeblog.hu\/author\/efes\/","title":"Kedd, j\u00fanius 16.","html":"Egy igaz\u00e1n remek, \u00e1m viszonylag ritk\u00e1n vet\u00edtett <strong>Hitchcock<\/strong>-klasszikus a kora esti aj\u00e1nlat, melyben ism\u00e9t egy h\u00e9tk\u00f6znapi szitu\u00e1ci\u00f3 ker\u00fcl a k\u00f6z\u00e9ppontba. A f\u0151szerepl\u0151 ex-zsaru (<strong>James Stewart<\/strong><em> \u2013 a k\u00e9pen<\/em>) ugyanis t\u00e9riszonyos. Nan\u00e1, hogy Sir Alfred fel fogja \u0151t kergetni valami j\u00f3 magas helyre, hiszen ez az \u0151 specialit\u00e1sa, k\u00f6zben r\u00e1ad\u00e1sul a n\u00e9z\u0151be is olyan \u00fcgyesen csemp\u00e9szi bele a par\u00e1t, hogy a <strong><a href=\"http:\/\/port.hu\/szedules_vertigo\/pls\/fi\/films.film_page?i_perf_id=47346024&amp;i_topic_id=1\">Sz\u00e9d\u00fcl\u00e9s<\/a><\/strong> (<em>Paramount Channel, 21.40<\/em>) ut\u00e1n m\u00e1r a tornyok, hegycs\u00facsok, szakad\u00e9kok \u00e9s a sz\u0171k\u00f6s, hossz\u00fa l\u00e9pcs\u0151h\u00e1zak is a feketelist\u00e1ra ker\u00fclnek sokunkn\u00e1l (egy id\u0151re mindenk\u00e9ppen). Lesz a filmben m\u00e9g term\u00e9szetesen sz\u00e9p, sz\u0151ke n\u0151 is (<strong>Kim Novak<\/strong>) aki ut\u00e1n (el\u0151l?) futni kell\u2026\r\n\r\n<a href=\"https:\/\/asanisimasa.cafeblog.hu\/files\/2015\/06\/sz\u00e9d\u00fcl\u00e9s-james-stewart.jpg\"><img class=\"alignleft  wp-image-3221\" src=\"https:\/\/asanisimasa.cafeblog.hu\/files\/2015\/06\/sz\u00e9d\u00fcl\u00e9s-james-stewart.jpg\" alt=\"sz\u00e9d\u00fcl\u00e9s - james stewart\" width=\"600\" height=\"324\" \/><\/a>\r\n\r\n&nbsp;\r\n\r\n26 \u00e9vvel ezel\u0151tt t\u00f6rt\u00e9nt, hogy egy viszonylag szimpatikus, lobog\u00f3 haj\u00fa fiatalember az izgalomt\u00f3l remeg\u0151 t\u00e9rbe ki\u00e1ltotta, hogy: Ruszkik haza! Ma ugyanez a fiatalember, imm\u00e1r pocakosan, megny\u00edrva \u00e9s t\u0171hegynyire sz\u0171k\u00fclt pupill\u00e1kkal, dikt\u00e1tori bab\u00e9rokra t\u00f6r\u0151 orsz\u00e1gvezet\u0151k\u00e9nt sz\u00farja t\u00f6k\u00f6n saj\u00e1t, \u00e1ll\u00edt\u00f3lag szeretett orsz\u00e1g\u00e1t, \u00e9s ha nem vigy\u00e1zunk, r\u00f6videsen azt is elfelejthetj\u00fck, hogy ez a nap nem Orb\u00e1n Viktor els\u0151 jelen\u00e9s\u00e9r\u0151l sz\u00f3l. A mai napon <strong>Nagy Imr\u00e9re kell eml\u00e9kezn\u00fcnk<\/strong>: 1989 j\u00fanius 16-\u00e1n helyezt\u00e9k m\u00e9lt\u00f3 m\u00f3don \u00f6r\u00f6k nyugalomra 1956 m\u00e1rt\u00edr minisztereln\u00f6k\u00e9t. <strong>M\u00e9sz\u00e1ros M\u00e1rta<\/strong> 2004-ben k\u00e9sz\u00edtette el <strong><a href=\"http:\/\/port.hu\/a_temetetlen_halott_-_nagy_imre_naploja\/pls\/fi\/films.film_page?i_perf_id=47454307&amp;i_topic_id=1\">A temetetlen halott<\/a><\/strong> (<em>Duna, 21.15<\/em>) c\u00edm\u0171, val\u00f3s esem\u00e9nyeket feleleven\u00edt\u0151 filmj\u00e9t, mely a minisztereln\u00f6k utols\u00f3 napjait k\u00f6veti v\u00e9gig a jugoszl\u00e1v nagyk\u00f6vets\u00e9gre val\u00f3 menek\u00fcl\u00e9st\u0151l a kiv\u00e9gz\u00e9sig. Nagy Imr\u00e9t <strong>Jan Nowicki<\/strong> alak\u00edtja, M\u00fcnnich Ferenc <strong>Andorai P\u00e9ter<\/strong>, K\u00e1llai Gyula <strong>Kulka J\u00e1nos<\/strong>, Nagy Imre orvosa <strong>Cserhalmi Gy\u00f6rgy<\/strong>\u2026\r\n\r\nAmi ezut\u00e1n k\u00f6vetkezett a magyar t\u00f6rt\u00e9nelemben, m\u00e1r egy m\u00e1sik t\u00f6rt\u00e9net. P\u00e9ld\u00e1ul az, amit<strong>Kov\u00e1cs Andr\u00e1s<\/strong> mes\u00e9lt el 1983-ban. Egy elv\u00e1lt \u00e9rtelmis\u00e9gi n\u0151 (<strong>Kiss Mari<\/strong>) titokban tal\u00e1lkozgat csal\u00e1dos szeret\u0151j\u00e9vel (<strong>Cserhalmi Gy\u00f6rgy<\/strong>). Sz\u00e9gyelli a kapcsolatot, v\u00e1ltoztana is rajta, de nincs hozz\u00e1 el\u00e9g b\u00e1tors\u00e1ga. A <strong><a href=\"http:\/\/port.hu\/szeretok\/pls\/fi\/films.film_page?i_perf_id=47399759&amp;i_topic_id=1\">Szeret\u0151k<\/a><\/strong> (<em>m3, 22.10<\/em>) sorsa azonban megpecs\u00e9tel\u0151dik, amikor a n\u0151 v\u00e9letlen\u00fcl megl\u00e1tja szeret\u0151j\u00e9t egy k\u00f3rh\u00e1zban, feles\u00e9g\u00e9vel \u00e9s \u00fajsz\u00fcl\u00f6tt kisbab\u00e1jukkal\u2026\r\n\r\nA <strong><a href=\"http:\/\/port.hu\/chloe_-_a_kisertes_iskolaja_chloe\/pls\/fi\/films.film_page?i_perf_id=47409114&amp;i_topic_id=1\">Chloe \u2013 A k\u00eds\u00e9rt\u00e9s iskol\u00e1ja<\/a><\/strong> (<em>Filmcafe, 22.50<\/em>) mintha az im\u00e9nti viszony fon\u00e1kja lenne. A kanadai <strong>Atom Egoyan<\/strong> thriller\u00e9ben a feles\u00e9g (<strong>Julianne Moore<\/strong>) gyanakszik egyetemi oktat\u00f3 f\u00e9rj\u00e9re (<strong>Liam Neeson<\/strong>), hogy csalja \u0151t, ez\u00e9rt felb\u00e9rel egy luxusprostit (<strong>Amanda Seyfried<\/strong>), hogy buktassa le \u0151t, ha tudja. A kurva azonban t\u00fal j\u00f3 munk\u00e1t v\u00e9gez \u00e9s ez olyan esem\u00e9nyek l\u00e1ncolat\u00e1t ind\u00edtja el, melyre a feles\u00e9g legsz\u00f6rny\u0171bb r\u00e9m\u00e1lmai sem fordultak el\u0151\u2026","type":"rich"}

Mit nézzünk ma a tévében?

Kedd, június 16.

Egy igazán remek, ám viszonylag ritkán vetített <strong>Hitchcock</strong>-klasszikus a kora esti ajánlat, melyben ismét egy hétköznapi szituáció kerül a középpontba. A főszereplő ex-zsaru (<strong>James Stewart</strong><em> – a képen</em>) ugyanis tériszonyos. Naná, hogy Sir Alfred fel fogja őt kergetni valami jó magas helyre, hiszen ez az ő specialitása, közben ráadásul a nézőbe is olyan ügyesen csempészi bele a parát, hogy a <strong><a href="http://port.hu/szedules_vertigo/pls/fi/films.film_page?i_perf_id=47346024&amp;i_topic_id=1">Szédülés</a></strong> (<em>Paramount Channel, 21.40</em>) után már a tornyok, hegycsúcsok, szakadékok és a szűkös, hosszú lépcsőházak is a feketelistára kerülnek sokunknál (egy időre mindenképpen). Lesz a filmben még természetesen szép, szőke nő is (<strong>Kim Novak</strong>) aki után (elől?) futni kell…

<a href="https://asanisimasa.cafeblog.hu/files/2015/06/szédülés-james-stewart.jpg"><img class="alignleft  wp-image-3221" src="https://asanisimasa.cafeblog.hu/files/2015/06/szédülés-james-stewart.jpg" alt="szédülés - james stewart" width="600" height="324" /></a>

&nbsp;

26 évvel ezelőtt történt, hogy egy viszonylag szimpatikus, lobogó hajú fiatalember az izgalomtól remegő térbe kiáltotta, hogy: Ruszkik haza! Ma ugyanez a fiatalember, immár pocakosan, megnyírva és tűhegynyire szűkült pupillákkal, diktátori babérokra törő országvezetőként szúrja tökön saját, állítólag szeretett országát, és ha nem vigyázunk, rövidesen azt is elfelejthetjük, hogy ez a nap nem Orbán Viktor első jelenéséről szól. A mai napon <strong>Nagy Imrére kell emlékeznünk</strong>: 1989 június 16-án helyezték méltó módon örök nyugalomra 1956 mártír miniszterelnökét. <strong>Mészáros Márta</strong> 2004-ben készítette el <strong><a href="http://port.hu/a_temetetlen_halott_-_nagy_imre_naploja/pls/fi/films.film_page?i_perf_id=47454307&amp;i_topic_id=1">A temetetlen halott</a></strong> (<em>Duna, 21.15</em>) című, valós eseményeket felelevenítő filmjét, mely a miniszterelnök utolsó napjait követi végig a jugoszláv nagykövetségre való meneküléstől a kivégzésig. Nagy Imrét <strong>Jan Nowicki</strong> alakítja, Münnich Ferenc <strong>Andorai Péter</strong>, Kállai Gyula <strong>Kulka János</strong>, Nagy Imre orvosa <strong>Cserhalmi György</strong>…

Ami ezután következett a magyar történelemben, már egy másik történet. Például az, amit<strong>Kovács András</strong> mesélt el 1983-ban. Egy elvált értelmiségi nő (<strong>Kiss Mari</strong>) titokban találkozgat családos szeretőjével (<strong>Cserhalmi György</strong>). Szégyelli a kapcsolatot, változtana is rajta, de nincs hozzá elég bátorsága. A <strong><a href="http://port.hu/szeretok/pls/fi/films.film_page?i_perf_id=47399759&amp;i_topic_id=1">Szeretők</a></strong> (<em>m3, 22.10</em>) sorsa azonban megpecsételődik, amikor a nő véletlenül meglátja szeretőjét egy kórházban, feleségével és újszülött kisbabájukkal…

A <strong><a href="http://port.hu/chloe_-_a_kisertes_iskolaja_chloe/pls/fi/films.film_page?i_perf_id=47409114&amp;i_topic_id=1">Chloe – A kísértés iskolája</a></strong> (<em>Filmcafe, 22.50</em>) mintha az iménti viszony fonákja lenne. A kanadai <strong>Atom Egoyan</strong> thrillerében a feleség (<strong>Julianne Moore</strong>) gyanakszik egyetemi oktató férjére (<strong>Liam Neeson</strong>), hogy csalja őt, ezért felbérel egy luxusprostit (<strong>Amanda Seyfried</strong>), hogy buktassa le őt, ha tudja. A kurva azonban túl jó munkát végez és ez olyan események láncolatát indítja el, melyre a feleség legszörnyűbb rémálmai sem fordultak elő…
