{"version":"1.0","provider_name":"Mit n\u00e9zz\u00fcnk ma a t\u00e9v\u00e9ben?","provider_url":"https:\/\/asanisimasa.cafeblog.hu","author_name":"efes","author_url":"https:\/\/asanisimasa.cafeblog.hu\/author\/efes\/","title":"Szerda, j\u00fanius 21.","html":"<div class=\"entry-content\">\r\n\r\n<a href=\"http:\/\/www.filmkultura.hu\/regi\/2003\/articles\/essays\/erohmer.hu.html\">\u00c9ric Rohmer<\/a>, a francia film \u00faj hull\u00e1m\u00e1ban sz\u00fcletett \u201cfecseg\u0151 filmek professzora\u201d k\u00e9sz\u00edtett ilyen filmeket p\u00e1ly\u00e1ja m\u00e1sodik fel\u00e9ben, v\u00e9g\u00e9ben, mint amivel a fiatal, d\u00e1n-francia illet\u0151s\u00e9g\u0171 <strong><span class=\"itemprop\">Mia Hansen-L\u00f8ve<\/span><\/strong> (kor\u00e1bban pl: <em><a href=\"https:\/\/efesasanisimasa.wordpress.com\/2015\/05\/21\/eden-2014\/\">Eden<\/a>, <a href=\"https:\/\/efesasanisimasa.wordpress.com\/2012\/05\/30\/viszlat-elso-szerelem-un-amour-de-jeunesse-2011\/\">Viszl\u00e1t, els\u0151 szerelem<\/a>, <a href=\"https:\/\/efesasanisimasa.wordpress.com\/2011\/03\/09\/gyermekeim_apja_le_pere_de_mes_enfants_2009\/\">Gyermekeim apja<\/a><\/em>) a legjobb rendez\u00e9snek j\u00e1r\u00f3 Ez\u00fcst Medv\u00e9t nyerte <del>id\u00e9n<\/del>tavaly Berlinben. Sokan majd nyilv\u00e1n legyintenek is r\u00e1: \u00c1, nem t\u00f6rt\u00e9nik benne semmi, csak az a n\u0151 j\u00e1r-kel benne v\u00e9gig, \u00e9s rengeteget besz\u00e9l benne\u2026 \u00c9s v\u00e9g\u00fcl is, t\u00e9nyleg \u00edgy van, <a href=\"http:\/\/port.hu\/adatlap\/film\/tv\/lavenir-things-to-come\/event-tv-64323566\/movie-172974\"><strong>Az elj\u00f6vend\u0151 napok<\/strong><\/a>ban (<em>Cinemax2, 20.30<\/em>) t\u00e9nyleg egy n\u0151t (Nathalie-t, a filoz\u00f3fiatan\u00e1rn\u0151t \u2013 <strong>Isabelle Huppert<\/strong> j\u00e1tssza, vagyis ink\u00e1bb megjelen\u00edti a t\u00f6rt\u00e9netben \u2013 <em>l\u00e1sd a k\u00e9pen<\/em>) l\u00e1tunk v\u00e9gig, ahogyan <em>\u00e9li az \u00e9let\u00e9t<\/em>, megk\u00fczd az \u00e9ppen demokratikus jogaikat \u00e9rv\u00e9nyes\u00edteni tanul\u00f3 di\u00e1kjaival, ahogyan megk\u00fczd essz\u00e9k\u00f6tet\u00e9nek prom\u00f3ci\u00f3ja helyett ink\u00e1bb a profit hajh\u00e1sz\u00e1sa fel\u00e9 fordul\u00f3 kiad\u00f3j\u00e1val, mag\u00e1nyos, l\u00e1ny\u00e1t \u00e9rzelmeivel zsarol\u00f3, beteg anyj\u00e1val, valamint annak nagy, lusta macsk\u00e1j\u00e1val, ahogyan elv\u00e1lni k\u00e9nyszer\u00fcl szint\u00e9n filoz\u00f3fi\u00e1val foglalkoz\u00f3, de a tan\u00edtv\u00e1nyai b\u00e1jai felett szemet hunyni nem tud\u00f3 f\u00e9rj\u00e9t\u0151l, ahogyan b\u00e1tortalanul seg\u00edts\u00e9g\u00e9rt fordul j\u00f3k\u00e9p\u0171, tehets\u00e9ges, \u00e1m igen \u00f6nt\u00f6rv\u00e9ny\u0171 tan\u00edtv\u00e1ny\u00e1hoz; ahogyan a t\u0151le telhet\u0151 tettrek\u00e9szs\u00e9ggel megpr\u00f3b\u00e1lja t\u00fal\u00e9lni az \u00e9let\u00e9ben k\u00f6vetkez\u0151 <em>elj\u00f6vend\u0151 napokat<\/em>. (<a href=\"https:\/\/efesasanisimasa.wordpress.com\/2016\/11\/03\/az-eljovendo-napok-lavenir-2016\/\"><em>B\u0151vebben<\/em><\/a>)\r\n\r\n<img class=\"alignleft size-full wp-image-5441\" src=\"https:\/\/asanisimasa.cafeblog.hu\/files\/2017\/06\/az-eljovendo-napok-isabelle-huppert-e1497940750186.jpg\" alt=\"\" width=\"600\" height=\"400\" \/>\r\n\r\n&nbsp;\r\n\r\nA mindig <em>kit\u0171n\u0151<\/em> <strong>Joaquin Phoenix<\/strong> adja az <a href=\"http:\/\/port.hu\/adatlap\/film\/tv\/clay-pigeons\/event-tv-64684226\/movie-40721\"><strong>Agyaggalamb<\/strong><\/a> (<em>Film M\u00e1nia, 21.00<\/em>) c\u00edm\u0171 \u201998-as krimi f\u0151szerepl\u0151j\u00e9t, aki <span class=\"txt\">szemtan\u00faja lesz legjobb bar\u00e1tja \u00f6ngyilkoss\u00e1g\u00e1nak, aki az\u00e9rt vetett v\u00e9get \u00e9let\u00e9nek, mert a feles\u00e9ge megcsalta \u0151t<\/span> vele. A pasas mag\u00e1ba zuhan, az \u00f6zvegy azonban tov\u00e1bbra is tal\u00e1lkozni akar vele. K\u00f6zben a v\u00e1rost egy n\u0151ket gyilkol\u00e1sz\u00f3 sorozatgyilkos tartja retteg\u00e9sben. Az \u00fcgyben egy fiatal rend\u0151rn\u0151 (<strong>Janeane Garofalo<\/strong>) nyomoz. Szerepel m\u00e9g a filmben a <em>kit\u0171n\u0151<\/em> <strong>Vincent Vaughn<\/strong> is. A zen\u00e9t a <em>kit\u0171n\u0151<\/em> <strong>John Lurie<\/strong> \u00edrta, akit sok, egy\u00e9b m\u00e1s ok miatt szeret\u00fcnk, \u00e9s aki s\u00falyos Lyme-k\u00f3rja miatt m\u00e1r r\u00e9gen visszavonultan \u00e9l.\r\n\r\nMa folytat\u00f3dik az <a href=\"https:\/\/efesasanisimasa.wordpress.com\/2010\/05\/01\/teveajanlo_21_30_m1_atok_minisorozat_matyassy_aron_2009\/\"><strong>\u00c1tok<\/strong><\/a> (<em>Duna, 21.25<\/em>) \u00fajabb k\u00e9t r\u00e9sszel, majd a <a href=\"http:\/\/port.hu\/adatlap\/film\/tv\/nyom-nelkul\/event-tv-64979701\/movie-28262\"><strong>Nyom n\u00e9lk\u00fcl<\/strong><\/a> (<em>Duna, 22.55<\/em>) c\u00edm\u0171 krimi a t\u00f6k\u00e9letes b\u0171nt\u00e9ny miszt\u00e9rium\u00e1t j\u00e1rja k\u00f6r\u00fcl a kora nyolcvanas \u00e9vek Magyarorsz\u00e1g\u00e1n. Hi\u00e1ba azonban a zseni\u00e1lis \u00f6tlet, hi\u00e1ba a modern b\u0171n\u00fcld\u00f6z\u00e9s (profilalkot\u00e1s, sz\u00e1m\u00edt\u00f3g\u00e9pes t\u00e1rsadalomelemz\u00e9s!), a zsigeri, emberi irigys\u00e9ggel semmi nem veszi fel a versenyt. <strong>F\u00e1bry P\u00e9ter<\/strong> filmj\u00e9nek sajnos \u00fagy van v\u00e9ge, mint a botnak \u2013 de ett\u0151l f\u00fcggetlen\u00fcl korszakos m\u0171, <strong>Cseh Tam\u00e1s<\/strong>sal a f\u0151szerepben.\r\n\r\n<\/div>","type":"rich"}

Mit nézzünk ma a tévében?

Szerda, június 21.

<div class="entry-content">

<a href="http://www.filmkultura.hu/regi/2003/articles/essays/erohmer.hu.html">Éric Rohmer</a>, a francia film új hullámában született “fecsegő filmek professzora” készített ilyen filmeket pályája második felében, végében, mint amivel a fiatal, dán-francia illetőségű <strong><span class="itemprop">Mia Hansen-Løve</span></strong> (korábban pl: <em><a href="https://efesasanisimasa.wordpress.com/2015/05/21/eden-2014/">Eden</a>, <a href="https://efesasanisimasa.wordpress.com/2012/05/30/viszlat-elso-szerelem-un-amour-de-jeunesse-2011/">Viszlát, első szerelem</a>, <a href="https://efesasanisimasa.wordpress.com/2011/03/09/gyermekeim_apja_le_pere_de_mes_enfants_2009/">Gyermekeim apja</a></em>) a legjobb rendezésnek járó Ezüst Medvét nyerte <del>idén</del>tavaly Berlinben. Sokan majd nyilván legyintenek is rá: Á, nem történik benne semmi, csak az a nő jár-kel benne végig, és rengeteget beszél benne… És végül is, tényleg így van, <a href="http://port.hu/adatlap/film/tv/lavenir-things-to-come/event-tv-64323566/movie-172974"><strong>Az eljövendő napok</strong></a>ban (<em>Cinemax2, 20.30</em>) tényleg egy nőt (Nathalie-t, a filozófiatanárnőt – <strong>Isabelle Huppert</strong> játssza, vagyis inkább megjeleníti a történetben – <em>lásd a képen</em>) látunk végig, ahogyan <em>éli az életét</em>, megküzd az éppen demokratikus jogaikat érvényesíteni tanuló diákjaival, ahogyan megküzd esszékötetének promóciója helyett inkább a profit hajhászása felé forduló kiadójával, magányos, lányát érzelmeivel zsaroló, beteg anyjával, valamint annak nagy, lusta macskájával, ahogyan elválni kényszerül szintén filozófiával foglalkozó, de a tanítványai bájai felett szemet hunyni nem tudó férjétől, ahogyan bátortalanul segítségért fordul jóképű, tehetséges, ám igen öntörvényű tanítványához; ahogyan a tőle telhető tettrekészséggel megpróbálja túlélni az életében következő <em>eljövendő napokat</em>. (<a href="https://efesasanisimasa.wordpress.com/2016/11/03/az-eljovendo-napok-lavenir-2016/"><em>Bővebben</em></a>)

<img class="alignleft size-full wp-image-5441" src="https://asanisimasa.cafeblog.hu/files/2017/06/az-eljovendo-napok-isabelle-huppert-e1497940750186.jpg" alt="" width="600" height="400" />

&nbsp;

A mindig <em>kitűnő</em> <strong>Joaquin Phoenix</strong> adja az <a href="http://port.hu/adatlap/film/tv/clay-pigeons/event-tv-64684226/movie-40721"><strong>Agyaggalamb</strong></a> (<em>Film Mánia, 21.00</em>) című ’98-as krimi főszereplőjét, aki <span class="txt">szemtanúja lesz legjobb barátja öngyilkosságának, aki azért vetett véget életének, mert a felesége megcsalta őt</span> vele. A pasas magába zuhan, az özvegy azonban továbbra is találkozni akar vele. Közben a várost egy nőket gyilkolászó sorozatgyilkos tartja rettegésben. Az ügyben egy fiatal rendőrnő (<strong>Janeane Garofalo</strong>) nyomoz. Szerepel még a filmben a <em>kitűnő</em> <strong>Vincent Vaughn</strong> is. A zenét a <em>kitűnő</em> <strong>John Lurie</strong> írta, akit sok, egyéb más ok miatt szeretünk, és aki súlyos Lyme-kórja miatt már régen visszavonultan él.

Ma folytatódik az <a href="https://efesasanisimasa.wordpress.com/2010/05/01/teveajanlo_21_30_m1_atok_minisorozat_matyassy_aron_2009/"><strong>Átok</strong></a> (<em>Duna, 21.25</em>) újabb két résszel, majd a <a href="http://port.hu/adatlap/film/tv/nyom-nelkul/event-tv-64979701/movie-28262"><strong>Nyom nélkül</strong></a> (<em>Duna, 22.55</em>) című krimi a tökéletes bűntény misztériumát járja körül a kora nyolcvanas évek Magyarországán. Hiába azonban a zseniális ötlet, hiába a modern bűnüldözés (profilalkotás, számítógépes társadalomelemzés!), a zsigeri, emberi irigységgel semmi nem veszi fel a versenyt. <strong>Fábry Péter</strong> filmjének sajnos úgy van vége, mint a botnak – de ettől függetlenül korszakos mű, <strong>Cseh Tamás</strong>sal a főszerepben.

</div>
