{"version":"1.0","provider_name":"Mit n\u00e9zz\u00fcnk ma a t\u00e9v\u00e9ben?","provider_url":"https:\/\/asanisimasa.cafeblog.hu","author_name":"efes","author_url":"https:\/\/asanisimasa.cafeblog.hu\/author\/efes\/","title":"Vas\u00e1rnap, j\u00fanius 14.","html":"<p>Egy el\u00e9g laza kis \u00e1tver\u0151s, fordulatos szajr\u00e9film lesz a francia\u00a0<a href=\"https:\/\/port.hu\/adatlap\/film\/tv\/csalasok-haloja-cah\/event-tv-596896774-95\/movie-95087\"><strong>Csal\u00e1sok h\u00e1l\u00f3ja<\/strong><\/a>\u00a0(<em>Film M\u00e1nia, 20.10<\/em>), melyben k\u00e9t nagymen\u0151 tolvaj, egy fiatalabb (<strong>Jean Dujardin<\/strong>) \u00e9s egy id\u0151sebb (<strong>Jean Reno<\/strong>) megy r\u00e1 a nagy tutira \u2013 a baj az, hogy a szajr\u00e9n\u00e1l csak egy dolgot szeretnek jobban: a n\u0151ket. K\u00f6nnyed, \u00e9lvezetes darab \u2013 nem nagy dob\u00e1s, de biztos tal\u00e1lat.<\/p>\r\n<p><img class=\"alignleft size-full wp-image-8957\" src=\"https:\/\/asanisimasa.cafeblog.hu\/files\/2020\/06\/v-mint-verbosszu-natalie-portman-e1592037501893.jpg\" alt=\"\" width=\"600\" height=\"405\" \/>Az\u00a0<a title=\"\" href=\"https:\/\/port.hu\/adatlap\/film\/tv\/ejsotet-arnyek-dark-shadows\/event-tv-596713583-79\/movie-126431\"><strong>\u00c9js\u00f6t\u00e9t \u00e1rny\u00e9k<\/strong><\/a>ban (<em>Cool, 20.50<\/em>)\u00a0<strong>Tim Burton<\/strong>\u00a0rendez (ma este is)\u00a0<strong>Johnny Depp<\/strong>\u00a0k\u00f6r\u00e9 g\u00f3tikusan \u00e9js\u00f6t\u00e9t boszork\u00e1nyos-v\u00e1mp\u00edros szat\u00edr\u00e1t. Depp itt egy n\u0151fal\u00f3 telepest alak\u00edt Amerika (h)\u0151skor\u00e1ban, akit egy nap utol\u00e9r a v\u00e9gzete: egy boszork\u00e1ny sz\u00edv\u00e9t t\u00f6ri \u00f6ssze, akinek viszont megvannak az eszk\u00f6zei a m\u00e9lt\u00f3 \u00e9s kegyetlen bossz\u00fara\u2026 Johnny fi\u00fa k\u00f6r\u00fcl\u00a0<strong>Helena Bonham Carter<\/strong>,\u00a0<strong>Michelle Pfeiffer<\/strong>\u00a0\u00e9s\u00a0<strong>Eva Green<\/strong>\u00a0ropja d\u00e9vaj k\u00f6rt\u00e1nc\u00e1t.<\/p>\r\n<p>A M\u00e1trix-tril\u00f3gi\u00e1r\u00f3l ismert\u00a0<strong>Wachowski<\/strong>-testv\u00e9rek \u00edrt\u00e1k \u00e9s rendezt\u00e9k a\u00a0<a href=\"https:\/\/port.hu\/adatlap\/film\/tv\/v-mint-verbosszu-v-for-vendetta\/event-tv-596005876-42\/movie-75636\"><strong>V, mint v\u00e9rbossz\u00fa<\/strong><\/a>\u00a0(<em>AXN, 21.00<\/em>) c\u00edm\u0171 filmet, mely\u00a0egyszerre koszt\u00fcm\u00f6s kalandfilm, politikai thriller \u00e9s antiut\u00f3pia. A t\u00f6rt\u00e9net a zsarnoks\u00e1gr\u00f3l, az elnyom\u00e1sr\u00f3l, a m\u00e9dia agymos\u00e1s\u00e1r\u00f3l \u00e9s az ez ellen lehets\u00e9ges k\u00fczdelem lehet\u0151s\u00e9geir\u0151l \u00e9s sz\u00fcks\u00e9gess\u00e9g\u00e9r\u0151l sz\u00f3l; azt vizsg\u00e1lja, mi t\u00f6rt\u00e9nik, ha egy diktat\u00far\u00e1ban az egy\u00e9n a saj\u00e1t kez\u00e9be veszi a t\u00f6rv\u00e9nyt. \u201c<em>Ne k\u00e9rdezz, ne kritiz\u00e1lj, ne is gondolkodj: a P\u00e1rt mindent jobban tud!<\/em>\u201d \u2013 \u00fcv\u00f6lti a filmbeli gonosz kancell\u00e1r.\u201d (<em>A k\u00e9pen <\/em><strong>Natalie Portman<\/strong><em> a t\u00f6rt\u00e9net egyik f\u0151szerep\u00e9ben.<\/em>)<\/p>\r\n<p>A V, mint\u00a0<strong><a href=\"https:\/\/port.hu\/adatlap\/film\/tv\/a-vasalarcos-the-man-in-the-iron-mask\/event-tv-600275102-365\/movie-2637\">A vas\u00e1larcos<\/a><\/strong>\u00a0(<em>Moziverzum, 21.00<\/em>) azonban csak koszt\u00fcm\u00f6s kalandfilm.\u00a0<strong>Leonardo diCaprio<\/strong>\u00a0a gonosz kir\u00e1ly j\u00f3 ikertestv\u00e9re, akit ez\u00e9rt a gonosz kir\u00e1ly \u00fagy b\u00fcntet, hogy vas\u00e1larcot forrasztat az arc\u00e1ra. Viszont mindenki egy\u00e9rt, \u00e1m abban mindenki egyet\u00e9rt, hogy Athos, Porthos \u00e9s Aramis (<strong>John Malkovich<\/strong><em>,<\/em>\u00a0<strong>G\u00e9rard Depardieu<\/strong><em>\u00a0\u00e9s\u00a0<\/em><strong>Jeremy Irons<\/strong>), no \u00e9s D\u2019Artagnan (<strong>Gabriel Byrne<\/strong>) kikardozza az igazs\u00e1got.<\/p>\r\n<p>A lovacsk\u00e1s filmek kedvel\u0151i megn\u00e9zhetik megint\u00a0<a href=\"https:\/\/port.hu\/adatlap\/film\/tv\/a-paripa-secretariat\/event-tv-596997519-89\/movie-114077\"><strong>A parip\u00e1<\/strong><\/a>t (<em>Filmcafe, 21.00<\/em>), melyben egy \u00edzig-v\u00e9rig v\u00e1rosi l\u00e1ny (<strong>Diane Lane<\/strong>) \u00f6r\u00f6k\u00f6l egy versenyl\u00f3ist\u00e1ll\u00f3t, amit egy veter\u00e1n \u201csuttog\u00f3\u201d (<strong>John Malkovich<\/strong> itt is) seg\u00edts\u00e9g\u00e9vel szeretne gaty\u00e1ba r\u00e1zni. Dr\u00e1mai v\u00e9gkifejlet, katartikusan lobog\u00f3 s\u00f6r\u00e9nyek, sz\u00e9lsebesen v\u00e1gt\u00e1z\u00f3 pat\u00e1k!<\/p>\r\n<p><strong><span class=\"txt\">Gene Hackman<\/span><\/strong><span class=\"txt\">\u00a0tipikusan az a fazon, aki \u00fagy harminc \u00e9ves kora k\u00f6r\u00fcl felvett mag\u00e1ra egyfajta fizimisk\u00e1t, \u00e9s ahogy teltek, m\u00faltak az \u00e9vek, rajta bizony nem fogtak azok a bizonyos vasfogak. Harminc \u00e9vesen is enyh\u00e9n pocakos s\u00f6rissza rakt\u00e1rosnak l\u00e1tsz\u00f3dott, ahogyan a hetvenegyedikben -e film forgat\u00e1sa idej\u00e9n- is. K\u00f6zben elj\u00e1tszott egy csom\u00f3 legend\u00e1s szerepet: p\u00e9ld\u00e1ul \u0151 volt Popeye Doyle a\u00a0<em>Francia kapcsolat<\/em>ban, \u0151 j\u00e1tszotta Coppola\u00a0<em>Mag\u00e1nbesz\u00e9lget\u00e9s<\/em>\u00e9nek f\u0151szerep\u00e9t, a m\u00e1ni\u00e1kus lehallgat\u00f3 \u00fcgyn\u00f6k\u00f6t, \u0151 volt az a szadista seriff, akit annyira ut\u00e1lt mindenki Clint Eastwood nagyszer\u0171 westernj\u00e9ben, a\u00a0<em>Nincs bocs\u00e1nat<\/em>ban.\u00a0<\/span><a href=\"https:\/\/port.hu\/adatlap\/film\/tv\/az-arany-markaban-heist\/event-tv-597102849-312\/movie-46573\"><strong><span class=\"txt\">Az arany mark\u00e1ban<\/span><\/strong><\/a><span class=\"txt\">\u00a0(<em>RTL Spike, 21.00<\/em>) c\u00edm\u0171 kit\u0171n\u0151 szajr\u00e9filmben ez a jovi\u00e1lis \u00f6reg\u00far egy szuperrabl\u00f3t alak\u00edt, aki nagysz\u00e1m\u00fa koll\u00e9g\u00e1i k\u00f6z\u00fcl t\u00fcnd\u00f6kletes intelligenci\u00e1j\u00e1val, valamint hidegv\u00e9r\u0171 gyilkol\u00e1sz\u00e1si kedv\u00e9vel t\u0171nik ki. (<a href=\"https:\/\/efesasanisimasa.wordpress.com\/2009\/08\/22\/david_mamet_az_arany_markaban\/\"><em>B\u0151vebben<\/em><\/a>)<\/span><\/p>\r\n<p>A\u00a0<a href=\"https:\/\/port.hu\/adatlap\/film\/tv\/sully-csoda-a-hudson-folyon-sully\/event-tv-596813218-164\/movie-177053\"><strong>Sully \u2013 Csoda a Hudson foly\u00f3n<\/strong><\/a>\u00a0(<em>Viasat6, 21.00<\/em>) c\u00edm\u0171 filmben <strong>Clint Eastwood<\/strong> a rep\u00fcl\u0151g\u00e9p\u00e9t 155 utassal v\u00e9szhelyzetben a jeges Hudson-foly\u00f3ra lesz\u00e1ll\u00f3 Chesley Sullenberger kapit\u00e1ny legend\u00e1j\u00e1t mes\u00e9li el. Perfekt, tulajdonk\u00e9ppen hib\u00e1tlan film, mely eleg\u00e1nsan reproduk\u00e1lja a szerencs\u00e9s v\u00e9g\u0171 rep\u00fcl\u0151g\u00e9p-szerencs\u00e9tlens\u00e9g k\u00f6r\u00fclm\u00e9nyeit,\u00a0<strong>Tom Hanks<\/strong>\u00a0(\u00e9s Eastwood) pedig sikerrel teremti meg a h\u0151st\u00a0Sully alakj\u00e1ban \u2013 aki itt is, \u00e9s a val\u00f3s\u00e1gban is szer\u00e9ny, de szakm\u00e1j\u00e1t magas szinten \u0171z\u0151 \u00e1tlagember.<\/p>\r\n<p>A rep\u00fcl\u00e9st\u0151l retteg\u0151kh\u00f6z sz\u00f3l a\u00a0<a href=\"https:\/\/port.hu\/adatlap\/film\/tv\/legcsavar-flightplan\/event-tv-598859421-6\/movie-70492\"><strong>L\u00e9gcsavar<\/strong><\/a>\u00a0(<em>Duna, 21.20<\/em>) c\u00edm\u0171 thriller is, melyben\u00a0<strong>Jodie Foster<\/strong>\u00a0alak\u00edt egy any\u00e1t, aki \u00e9ppen halott f\u00e9rj\u00e9t sz\u00e1ll\u00edtja haza, Amerik\u00e1ba, egy norm\u00e1l rep\u00fcl\u0151j\u00e1raton. A hossz\u00fa \u00faton a n\u0151 elalszik, s mikor fel\u00e9bred, csak azt l\u00e1tja, hogy a vele utaz\u00f3, hat\u00e9ves kisl\u00e1ny\u00e1nak nyoma veszett. Mind\u00f6ssze a keze lenyomat\u00e1t l\u00e1tja az ablak\u00fcvegen\u2026\u00a0<em>K\u00edv\u00fclr\u0151l! Muhaha.\u00a0<\/em>(Vicceltem.)<\/p>\r\n<p>B\u00e1r nem t\u00f6bb egy sz\u00f3rakoztat\u00f3 sz\u00e9lh\u00e1mos-filmn\u00e9l,\u00a0<strong><a href=\"https:\/\/port.hu\/adatlap\/film\/tv\/a-tehetseges-mr-ripley-the-talented-mr-ripley\/event-tv-597102891-312\/movie-10928\">A tehets\u00e9ges Mr. Ripley<\/a>\u00a0<\/strong>(<em>RTL Spike, 22.50<\/em>) is igen j\u00f3 v\u00e1laszt\u00e1s lehet ma est\u00e9re. A c\u00edmszerepl\u0151\u00a0Tom Ripley (<strong>Matt Damon<\/strong>) egy cs\u00f3r\u00f3 New York-i sr\u00e1c, aki egy valamiben biztos, hogy nem akar cs\u00f3r\u00f3 lenni, s ennek \u00e9rdek\u00e9ben k\u00fcl\u00f6n\u00f6s k\u00e9pess\u00e9get fejleszt ki mag\u00e1ban: b\u00e1rkit k\u00e9pes hitelesen ut\u00e1nozni. Tom meredeken k\u00faszik felfel\u00e9 a t\u00e1rsadalmi rangl\u00e9tr\u00e1n, de meddig m\u00e9g? Damon partnerei\u00a0<strong>Gwyneth Paltrow<\/strong>,\u00a0<strong>Cate Banchett<\/strong>, valamint\u00a0<strong>Jude Law<\/strong>\u00a0\u00e9s\u00a0<strong>Philip Seymour Hoffman<\/strong>, a filmet pedig\u00a0<strong>Anthony Minghella<\/strong>\u00a0(pl. Hideghegy, Az angol beteg) rendezte.<\/p>\r\n<p><strong>Terrence Malick,<\/strong>\u00a0\u00fagy t\u0171nik, v\u00e9gk\u00e9pp bez\u00e1rta mag\u00e1t a saj\u00e1t maga \u00e1ltal \u00e9p\u00edtett kozmikus elef\u00e1ntcsonttoronyba. Ki sem l\u00e1t m\u00e1r onnan.\u00a0(Pedig p\u00e9ld\u00e1ul\u00a0<a href=\"https:\/\/efesasanisimasa.wordpress.com\/2013\/11\/04\/porolo-51-sivar-videk-badlands-1973\/\">ez<\/a>\u00a0m\u00e9g j\u00f3 volt.)\u00a0<a href=\"https:\/\/port.hu\/adatlap\/film\/tv\/az-univerzum-tortenete-voyage-of-time\/event-tv-598859686-6\/movie-178542\"><strong>Az univerzum t\u00f6rt\u00e9nete<\/strong><\/a>\u00a0(<em>Duna, 22.55<\/em>), \u201cminden id\u0151k legl\u00e1tv\u00e1nyosabb IMAX-filmje\u201d \u00e9s eff\u00e9l\u00e9k, nagyj\u00e1b\u00f3l alig t\u00f6bb, s\u0151t, t\u00e1n m\u00e9g kevesebb is, mint az\u00a0<a href=\"https:\/\/efesasanisimasa.wordpress.com\/2011\/09\/26\/az-elet-faja-the-tree-of-life-2011\/\">\u00c9let f\u00e1j\u00e1<\/a>b\u00f3l kimaradt jelenetek random egym\u00e1sut\u00e1nis\u00e1ga, amit nem egy \u00e9pesz\u0171 rendez\u0151, nem is egy dilett\u00e1ns v\u00e1g\u00f3, hanem egy \u0151r\u00fclt v\u00e9letlen-gener\u00e1tor rakott \u00f6ssze. L\u00e1tv\u00e1nyos mozi, legal\u00e1bbis helyenk\u00e9nt akadnak benne sz\u00e9p k\u00e9pek, l\u00e9legzetel\u00e1ll\u00edt\u00f3 t\u00e1vlatok \u2013 de az\u00e9rt hagyjuk m\u00e1r ezeket a bombasztikus aj\u00e1nl\u00e1sokat\u2026 (<a href=\"https:\/\/efesasanisimasa.com\/2017\/03\/30\/az-univerzum-tortenete-voyage-of-time-lifes-journey-2016\/\"><em>B\u0151vebben<\/em><\/a>)<\/p>","type":"rich"}

Mit nézzünk ma a tévében?

Vasárnap, június 14.

<p>Egy elég laza kis átverős, fordulatos szajréfilm lesz a francia <a href="https://port.hu/adatlap/film/tv/csalasok-haloja-cah/event-tv-596896774-95/movie-95087"><strong>Csalások hálója</strong></a> (<em>Film Mánia, 20.10</em>), melyben két nagymenő tolvaj, egy fiatalabb (<strong>Jean Dujardin</strong>) és egy idősebb (<strong>Jean Reno</strong>) megy rá a nagy tutira – a baj az, hogy a szajrénál csak egy dolgot szeretnek jobban: a nőket. Könnyed, élvezetes darab – nem nagy dobás, de biztos találat.</p>
<p><img class="alignleft size-full wp-image-8957" src="https://asanisimasa.cafeblog.hu/files/2020/06/v-mint-verbosszu-natalie-portman-e1592037501893.jpg" alt="" width="600" height="405" />Az <a title="" href="https://port.hu/adatlap/film/tv/ejsotet-arnyek-dark-shadows/event-tv-596713583-79/movie-126431"><strong>Éjsötét árnyék</strong></a>ban (<em>Cool, 20.50</em>) <strong>Tim Burton</strong> rendez (ma este is) <strong>Johnny Depp</strong> köré gótikusan éjsötét boszorkányos-vámpíros szatírát. Depp itt egy nőfaló telepest alakít Amerika (h)őskorában, akit egy nap utolér a végzete: egy boszorkány szívét töri össze, akinek viszont megvannak az eszközei a méltó és kegyetlen bosszúra… Johnny fiú körül <strong>Helena Bonham Carter</strong>, <strong>Michelle Pfeiffer</strong> és <strong>Eva Green</strong> ropja dévaj körtáncát.</p>
<p>A Mátrix-trilógiáról ismert <strong>Wachowski</strong>-testvérek írták és rendezték a <a href="https://port.hu/adatlap/film/tv/v-mint-verbosszu-v-for-vendetta/event-tv-596005876-42/movie-75636"><strong>V, mint vérbosszú</strong></a> (<em>AXN, 21.00</em>) című filmet, mely egyszerre kosztümös kalandfilm, politikai thriller és antiutópia. A történet a zsarnokságról, az elnyomásról, a média agymosásáról és az ez ellen lehetséges küzdelem lehetőségeiről és szükségességéről szól; azt vizsgálja, mi történik, ha egy diktatúrában az egyén a saját kezébe veszi a törvényt. “<em>Ne kérdezz, ne kritizálj, ne is gondolkodj: a Párt mindent jobban tud!</em>” – üvölti a filmbeli gonosz kancellár.” (<em>A képen </em><strong>Natalie Portman</strong><em> a történet egyik főszerepében.</em>)</p>
<p>A V, mint <strong><a href="https://port.hu/adatlap/film/tv/a-vasalarcos-the-man-in-the-iron-mask/event-tv-600275102-365/movie-2637">A vasálarcos</a></strong> (<em>Moziverzum, 21.00</em>) azonban csak kosztümös kalandfilm. <strong>Leonardo diCaprio</strong> a gonosz király jó ikertestvére, akit ezért a gonosz király úgy büntet, hogy vasálarcot forrasztat az arcára. Viszont mindenki egyért, ám abban mindenki egyetért, hogy Athos, Porthos és Aramis (<strong>John Malkovich</strong><em>,</em> <strong>Gérard Depardieu</strong><em> és </em><strong>Jeremy Irons</strong>), no és D’Artagnan (<strong>Gabriel Byrne</strong>) kikardozza az igazságot.</p>
<p>A lovacskás filmek kedvelői megnézhetik megint <a href="https://port.hu/adatlap/film/tv/a-paripa-secretariat/event-tv-596997519-89/movie-114077"><strong>A paripá</strong></a>t (<em>Filmcafe, 21.00</em>), melyben egy ízig-vérig városi lány (<strong>Diane Lane</strong>) örököl egy versenylóistállót, amit egy veterán “suttogó” (<strong>John Malkovich</strong> itt is) segítségével szeretne gatyába rázni. Drámai végkifejlet, katartikusan lobogó sörények, szélsebesen vágtázó paták!</p>
<p><strong><span class="txt">Gene Hackman</span></strong><span class="txt"> tipikusan az a fazon, aki úgy harminc éves kora körül felvett magára egyfajta fizimiskát, és ahogy teltek, múltak az évek, rajta bizony nem fogtak azok a bizonyos vasfogak. Harminc évesen is enyhén pocakos sörissza raktárosnak látszódott, ahogyan a hetvenegyedikben -e film forgatása idején- is. Közben eljátszott egy csomó legendás szerepet: például ő volt Popeye Doyle a <em>Francia kapcsolat</em>ban, ő játszotta Coppola <em>Magánbeszélgetés</em>ének főszerepét, a mániákus lehallgató ügynököt, ő volt az a szadista seriff, akit annyira utált mindenki Clint Eastwood nagyszerű westernjében, a <em>Nincs bocsánat</em>ban. </span><a href="https://port.hu/adatlap/film/tv/az-arany-markaban-heist/event-tv-597102849-312/movie-46573"><strong><span class="txt">Az arany markában</span></strong></a><span class="txt"> (<em>RTL Spike, 21.00</em>) című kitűnő szajréfilmben ez a joviális öregúr egy szuperrablót alakít, aki nagyszámú kollégái közül tündökletes intelligenciájával, valamint hidegvérű gyilkolászási kedvével tűnik ki. (<a href="https://efesasanisimasa.wordpress.com/2009/08/22/david_mamet_az_arany_markaban/"><em>Bővebben</em></a>)</span></p>
<p>A <a href="https://port.hu/adatlap/film/tv/sully-csoda-a-hudson-folyon-sully/event-tv-596813218-164/movie-177053"><strong>Sully – Csoda a Hudson folyón</strong></a> (<em>Viasat6, 21.00</em>) című filmben <strong>Clint Eastwood</strong> a repülőgépét 155 utassal vészhelyzetben a jeges Hudson-folyóra leszálló Chesley Sullenberger kapitány legendáját meséli el. Perfekt, tulajdonképpen hibátlan film, mely elegánsan reprodukálja a szerencsés végű repülőgép-szerencsétlenség körülményeit, <strong>Tom Hanks</strong> (és Eastwood) pedig sikerrel teremti meg a hőst Sully alakjában – aki itt is, és a valóságban is szerény, de szakmáját magas szinten űző átlagember.</p>
<p>A repüléstől rettegőkhöz szól a <a href="https://port.hu/adatlap/film/tv/legcsavar-flightplan/event-tv-598859421-6/movie-70492"><strong>Légcsavar</strong></a> (<em>Duna, 21.20</em>) című thriller is, melyben <strong>Jodie Foster</strong> alakít egy anyát, aki éppen halott férjét szállítja haza, Amerikába, egy normál repülőjáraton. A hosszú úton a nő elalszik, s mikor felébred, csak azt látja, hogy a vele utazó, hatéves kislányának nyoma veszett. Mindössze a keze lenyomatát látja az ablaküvegen… <em>Kívülről! Muhaha. </em>(Vicceltem.)</p>
<p>Bár nem több egy szórakoztató szélhámos-filmnél, <strong><a href="https://port.hu/adatlap/film/tv/a-tehetseges-mr-ripley-the-talented-mr-ripley/event-tv-597102891-312/movie-10928">A tehetséges Mr. Ripley</a> </strong>(<em>RTL Spike, 22.50</em>) is igen jó választás lehet ma estére. A címszereplő Tom Ripley (<strong>Matt Damon</strong>) egy csóró New York-i srác, aki egy valamiben biztos, hogy nem akar csóró lenni, s ennek érdekében különös képességet fejleszt ki magában: bárkit képes hitelesen utánozni. Tom meredeken kúszik felfelé a társadalmi ranglétrán, de meddig még? Damon partnerei <strong>Gwyneth Paltrow</strong>, <strong>Cate Banchett</strong>, valamint <strong>Jude Law</strong> és <strong>Philip Seymour Hoffman</strong>, a filmet pedig <strong>Anthony Minghella</strong> (pl. Hideghegy, Az angol beteg) rendezte.</p>
<p><strong>Terrence Malick,</strong> úgy tűnik, végképp bezárta magát a saját maga által épített kozmikus elefántcsonttoronyba. Ki sem lát már onnan. (Pedig például <a href="https://efesasanisimasa.wordpress.com/2013/11/04/porolo-51-sivar-videk-badlands-1973/">ez</a> még jó volt.) <a href="https://port.hu/adatlap/film/tv/az-univerzum-tortenete-voyage-of-time/event-tv-598859686-6/movie-178542"><strong>Az univerzum története</strong></a> (<em>Duna, 22.55</em>), “minden idők leglátványosabb IMAX-filmje” és effélék, nagyjából alig több, sőt, tán még kevesebb is, mint az <a href="https://efesasanisimasa.wordpress.com/2011/09/26/az-elet-faja-the-tree-of-life-2011/">Élet fájá</a>ból kimaradt jelenetek random egymásutánisága, amit nem egy épeszű rendező, nem is egy dilettáns vágó, hanem egy őrült véletlen-generátor rakott össze. Látványos mozi, legalábbis helyenként akadnak benne szép képek, lélegzetelállító távlatok – de azért hagyjuk már ezeket a bombasztikus ajánlásokat… (<a href="https://efesasanisimasa.com/2017/03/30/az-univerzum-tortenete-voyage-of-time-lifes-journey-2016/"><em>Bővebben</em></a>)</p>
