{"version":"1.0","provider_name":"Mit n\u00e9zz\u00fcnk ma a t\u00e9v\u00e9ben?","provider_url":"https:\/\/asanisimasa.cafeblog.hu","author_name":"efes","author_url":"https:\/\/asanisimasa.cafeblog.hu\/author\/efes\/","title":"Cs\u00fct\u00f6rt\u00f6k, j\u00fanius 25.","html":"<p>Mindenki hallott m\u00e1r olyan kincskeres\u0151r\u0151l, aki ismert egy kincskeres\u0151t, akinek cimbor\u00e1ja egyszer tal\u00e1lkozott egy kincskeres\u0151vel, aki egy\u00fctt ivott egy olyan emberrel, aki val\u00f3ban tal\u00e1lt m\u00e1r kincset \u00e9let\u00e9ben. A rom\u00e1n\u00a0<strong>Corneliu Porumboiu<\/strong>\u00a0k\u00e9t feln\u0151ttkor\u00fa kincskeres\u0151 t\u00f6rt\u00e9net\u00e9t mes\u00e9li el\u00a0<strong><a href=\"https:\/\/port.hu\/adatlap\/film\/tv\/a-kincs-comoara\/event-tv-608747930-6\/movie-168791\">A kincs<\/a><\/strong>\u00a0(<em>Duna, 22.05<\/em>) c\u00edm\u0171 filmj\u00e9ben. Akik l\u00e1tt\u00e1k m\u00e1r p\u00e9ld\u00e1ul Porumboiu\u00a0<em><a href=\"https:\/\/efesasanisimasa.wordpress.com\/2010\/12\/06\/rendeszet_nyelveszet_politist_adjectiv_2009\/\">Rend\u00e9szet, nyelv\u00e9szet<\/a><\/em>\u00a0c\u00edm\u0171 filmj\u00e9t, azok sejthetik, hogy ez\u00fattal sz\u00f3 sem lesz amolyan Spielberg-, vagy Jack Sparrow-f\u00e9le kincsvad\u00e1szatr\u00f3l, sokkal ink\u00e1bb v\u00e1r r\u00e1nk a val\u00f3s\u00e1ggal val\u00f3 szembes\u00fcl\u00e9s k\u00ednkeserves gy\u00f6trelme (<em>a k\u00e9pen jelenet a filmb\u0151l<\/em>). A rom\u00e1n minimalista \u00fajhull\u00e1m egyik illusztris alakja rideg, sz\u00fcrke, embertelen -szinte \u00e9szaki- vil\u00e1g\u00e1r\u00f3l ismert, Tarr B\u00e9la ismert \u00e9letm\u0171ve hozz\u00e1 k\u00e9pest sz\u00ednes, perg\u0151 videoklip. (<a href=\"https:\/\/efesasanisimasa.com\/2016\/01\/07\/a-kincs-comoara-2015\/\"><em>B\u0151vebben<\/em><\/a>)<\/p>\r\n<p><strong><img class=\"alignleft size-full wp-image-8985\" src=\"https:\/\/asanisimasa.cafeblog.hu\/files\/2020\/06\/a-kincs-e1592985616699.jpg\" alt=\"\" width=\"600\" height=\"288\" \/>Daniel Day-Lewis<\/strong>\u00a0brut\u00e1lisan nagyot alak\u00edt\u00a0<strong>Paul Thomas Anderson<\/strong>\u00a0sokak \u00e1ltal igen nagyra tartott\u00a0<a href=\"https:\/\/port.hu\/adatlap\/film\/tv\/verzo-olaj-there-will-be-blood\/event-tv-607542048-257\/movie-90979\"><strong>V\u00e9rz\u0151 olaj<\/strong><\/a>\u00a0(<i>Paramount Channel, 22.55<\/i>) c\u00edm\u0171 monstre mozij\u00e1nak c\u00edmszerep\u00e9ben, de a zene (<strong>Jonny Greenwood<\/strong>) is nagyot sz\u00f3l. El\u00e9g j\u00f3l dolgozik az operat\u0151r (<strong>Robert Elswit<\/strong>), j\u00f3 a forgat\u00f3k\u00f6nyv (<strong>Upton Sinclair<\/strong>\u00a0alapj\u00e1n PTA). J\u00e1rhat\u00f3 \u00fat lehet az is egy nagyreg\u00e9ny filmadapt\u00e1ci\u00f3ja eset\u00e9ben, hogy csup\u00e1n egyetlen sz\u00e1lat bont ki a rengetegb\u0151l, \u00e9s azt boncolgatja, vajon mi is van -m\u00e9g- benne, vajon hov\u00e1 vezet, nem pedig elv\u00e9sz a r\u00e9szletgazdag, szinte bet\u0171h\u0171 megfilmes\u00edt\u00e9sben, mint PTA jelen esetben. Ett\u0151l azt\u00e1n kiss\u00e9 ny\u00falik a film, mint -st\u00edlszer\u0171en sz\u00f3lva- a takony az olajos padl\u00f3n (158 perc!), de a k\u00eds\u00e9rlet mindenk\u00e9ppen szimpatikus. PTA kit\u0171n\u0151 rendez\u0151 \u00e9s ahogy e filmben a korai kapitalizmus r\u00e9szletgazdag term\u00e9szetrajz\u00e1t, s benne egy igazi, v\u00e9rn\u0151sz\u0151 vadkapitalista portr\u00e9j\u00e1t festi meg, az el\u0151tt mindenk\u00e9ppen le a kalappal!\u00a0<em>Aranypolg\u00e1r 2.<\/em><\/p>\r\n<p>A mai este magyar szempontb\u00f3l legfontosabb filmje a\u00a0<a href=\"https:\/\/port.hu\/adatlap\/film\/tv\/hideg-napok\/event-tv-608747874-6\/movie-3283\"><strong>Hideg napok<\/strong><\/a>\u00a0(<i>Duna, 23.35<\/i>), mely egy sz\u00e9gyenletes t\u00f6rt\u00e9nelmi esem\u00e9ny -sz\u00e9gyenletes id\u0151pontban m\u0171sorra t\u0171z\u00f6tt- rideg, egzakt \u00e9s egyenes feldolgoz\u00e1sa. 1942-ben,\u00a0egy B\u00e1csk\u00e1ban lezajlott razzia sor\u00e1n, a magyar katon\u00e1k 2500 szerbet \u00e9s 800 zsid\u00f3t, jobb\u00e1ra \u00e1rtatlan civileket gyilkoltak le m\u00f3dszeres kegyetlens\u00e9ggel. Az esem\u00e9nyt felt\u00e1r\u00f3 felkavar\u00f3 filmet\u00a0<strong>Kov\u00e1cs Andr\u00e1s<\/strong>\u00a0rendezte m\u00e9g 1966-ban, f\u0151bb szerepekben\u00a0<strong>Latinovits Zolt\u00e1n<\/strong>nal,\u00a0<strong>Szirtes \u00c1d\u00e1m<\/strong>mal \u00e9s\u00a0<strong>Darvas Iv\u00e1n<\/strong>nal. (<a href=\"https:\/\/efesasanisimasa.wordpress.com\/2013\/05\/27\/porolo-49-hideg-napok-1966\/\"><em>B\u0151vebben<\/em><\/a>)<\/p>","type":"rich"}

Mit nézzünk ma a tévében?

Csütörtök, június 25.

<p>Mindenki hallott már olyan kincskeresőről, aki ismert egy kincskeresőt, akinek cimborája egyszer találkozott egy kincskeresővel, aki együtt ivott egy olyan emberrel, aki valóban talált már kincset életében. A román <strong>Corneliu Porumboiu</strong> két felnőttkorú kincskereső történetét meséli el <strong><a href="https://port.hu/adatlap/film/tv/a-kincs-comoara/event-tv-608747930-6/movie-168791">A kincs</a></strong> (<em>Duna, 22.05</em>) című filmjében. Akik látták már például Porumboiu <em><a href="https://efesasanisimasa.wordpress.com/2010/12/06/rendeszet_nyelveszet_politist_adjectiv_2009/">Rendészet, nyelvészet</a></em> című filmjét, azok sejthetik, hogy ezúttal szó sem lesz amolyan Spielberg-, vagy Jack Sparrow-féle kincsvadászatról, sokkal inkább vár ránk a valósággal való szembesülés kínkeserves gyötrelme (<em>a képen jelenet a filmből</em>). A román minimalista újhullám egyik illusztris alakja rideg, szürke, embertelen -szinte északi- világáról ismert, Tarr Béla ismert életműve hozzá képest színes, pergő videoklip. (<a href="https://efesasanisimasa.com/2016/01/07/a-kincs-comoara-2015/"><em>Bővebben</em></a>)</p>
<p><strong><img class="alignleft size-full wp-image-8985" src="https://asanisimasa.cafeblog.hu/files/2020/06/a-kincs-e1592985616699.jpg" alt="" width="600" height="288" />Daniel Day-Lewis</strong> brutálisan nagyot alakít <strong>Paul Thomas Anderson</strong> sokak által igen nagyra tartott <a href="https://port.hu/adatlap/film/tv/verzo-olaj-there-will-be-blood/event-tv-607542048-257/movie-90979"><strong>Vérző olaj</strong></a> (<i>Paramount Channel, 22.55</i>) című monstre mozijának címszerepében, de a zene (<strong>Jonny Greenwood</strong>) is nagyot szól. Elég jól dolgozik az operatőr (<strong>Robert Elswit</strong>), jó a forgatókönyv (<strong>Upton Sinclair</strong> alapján PTA). Járható út lehet az is egy nagyregény filmadaptációja esetében, hogy csupán egyetlen szálat bont ki a rengetegből, és azt boncolgatja, vajon mi is van -még- benne, vajon hová vezet, nem pedig elvész a részletgazdag, szinte betűhű megfilmesítésben, mint PTA jelen esetben. Ettől aztán kissé nyúlik a film, mint -stílszerűen szólva- a takony az olajos padlón (158 perc!), de a kísérlet mindenképpen szimpatikus. PTA kitűnő rendező és ahogy e filmben a korai kapitalizmus részletgazdag természetrajzát, s benne egy igazi, vérnősző vadkapitalista portréját festi meg, az előtt mindenképpen le a kalappal! <em>Aranypolgár 2.</em></p>
<p>A mai este magyar szempontból legfontosabb filmje a <a href="https://port.hu/adatlap/film/tv/hideg-napok/event-tv-608747874-6/movie-3283"><strong>Hideg napok</strong></a> (<i>Duna, 23.35</i>), mely egy szégyenletes történelmi esemény -szégyenletes időpontban műsorra tűzött- rideg, egzakt és egyenes feldolgozása. 1942-ben, egy Bácskában lezajlott razzia során, a magyar katonák 2500 szerbet és 800 zsidót, jobbára ártatlan civileket gyilkoltak le módszeres kegyetlenséggel. Az eseményt feltáró felkavaró filmet <strong>Kovács András</strong> rendezte még 1966-ban, főbb szerepekben <strong>Latinovits Zoltán</strong>nal, <strong>Szirtes Ádám</strong>mal és <strong>Darvas Iván</strong>nal. (<a href="https://efesasanisimasa.wordpress.com/2013/05/27/porolo-49-hideg-napok-1966/"><em>Bővebben</em></a>)</p>
